 10. Let u(p) = 7*h(p) - 2*o(p). Let y be (42/(-12) - -4)*-6. What is the tens digit of u(y)?
6
Let j(y) = 2*y + 14. Let b be j(11). Suppose -26*u + 29*u - b = 0. What is the tens digit of 4 + -5 + 1*u?
1
Suppose 42*f + 94260 = 1017924. What is the ten thousands digit of f?
2
Let v be 89 + 8/28*7. Suppose -v*z + 92*z = 619. What is the hundreds digit of z?
6
Suppose 118962 = 776*t - 722*t. What is the thousands digit of t?
2
Let q(g) = 35*g**3 - 4*g**2 - 32*g + 68. What is the thousands digit of q(7)?
1
Suppose 0 = -3*s + q + 29, 0 = 4*s - 3*q - 0*q - 37. What is the units digit of ((-5135)/s + -1)*4/(-6)?
3
Let b be (170*3)/(159/(-530)). Let o = -1179 - b. What is the units digit of o?
1
Let f be (88 - 76)*(-52)/3. Let p = -1112 + 752. Let w = f - p. What is the tens digit of w?
5
Suppose -4*t + 11*t + 2*v - 95021 = 0, -3*v - 54277 = -4*t. What is the hundreds digit of t?
5
Let z be 281 + 108 + (-11)/(33/(-18)). Let u = 37 + -226. Let g = z + u. What is the units digit of g?
6
Let b = -2093 + 4340. What is the thousands digit of b?
2
Let o = 3540 - 3548. Let f(s) = s**2 - 6*s + 8. Let q(b) = -1. Let c(d) = f(d) + 3*q(d). What is the hundreds digit of c(o)?
1
Let d be 102/(-5) + (-4)/(-10). Let o be ((-24)/(-54))/((-2)/9). What is the tens digit of 528/(d/(-5)) + o?
3
Suppose 0 = -15*o - 101 - 169. Let r(i) = -i**3 - 17*i**2 - 22*i - 1. What is the tens digit of r(o)?
1
Let z = 2482 + -1401. What is the hundreds digit of z?
0
Suppose 24*b = 21*b. Suppose -3*a = -4*j - 1462, b = -j + 2 - 3. What is the hundreds digit of a?
4
Let z = -252 + 137. Let k = -105 - z. What is the units digit of (140/8)/((k/(-4))/(-5))?
5
Let k be ((-54)/4)/9*8. What is the tens digit of (-13587)/(-28)*k/(-9)?
4
Let c = 158 + -297. Suppose -2*t + 28 = 5*h - 0*t, -h = -t - 7. What is the hundreds digit of h + 12/(-3) - c?
1
Suppose 47*j = 66*j - 38. Suppose -2*r + j*z = -1960, -386 = -r + 2*z + 590. What is the tens digit of r?
8
Let n be 1116/8*12/9. Suppose 0 = -2*b - 4*h + n, 0 = -8*b + 4*b + h + 390. What is the units digit of b?
7
Suppose 0 = 4*d - 5*d + 4563 + 1057. What is the thousands digit of d?
5
Suppose -71*y + 422447 + 311622 = 0. What is the hundreds digit of y?
3
Let y(s) = s**2 - 42*s - 102. Let f be y(45). Suppose 22*m + 10296 = f*m. What is the units digit of m?
6
Let i = -6401 - -85902. What is the ten thousands digit of i?
7
Let k(x) = -775*x**2 - x + 3. Let f be k(1). Let b = -571 - f. What is the units digit of b?
2
Suppose 5*j = 0, 4*b + 12*j - 10*j + 4404 = 0. What is the units digit of (-20)/15*b/2?
4
Let l be (-13088)/18 - 2/(-18). What is the tens digit of 1 - (-9)/(-6) - l/2?
6
Let l = -7554 - -4662. Let o = 1454 + l. What is the units digit of (-6)/54*o - 4/(-18)?
0
Let m(a) = a**3 - 8*a**2 + 6*a - 7. Let z be m(6). Let x(d) = 55*d - 2835. Let v be x(53). Let k = z + v. What is the tens digit of k?
3
Suppose 1957*q - 1011*q + 440642 = 999*q. What is the units digit of q?
4
Let h be -12*(-1)/4 + 1357. Suppose 13*r + h = 18*r. What is the units digit of r?
2
Let t(a) be the first derivative of a**4/4 + 14*a**3/3 + 13*a**2/2 - 17*a + 100. What is the hundreds digit of t(-8)?
2
Suppose -4*t = -z + 22, -2*z = -6*z - 4*t + 8. Suppose z*k = 1708 - 82. What is the tens digit of k?
7
Let o(u) = 1509*u - 2274. What is the hundreds digit of o(5)?
2
Let j(l) = -l + 10. Let i be j(7). Let c be (217/(-2))/(-1 + i/6). Suppose -2*x + n + 269 = 3*x, -4*x - n = -c. What is the units digit of x?
4
Let n = 154 - 134. What is the tens digit of 424 + -2 - (-15)/(n/(-4))?
1
Suppose 11*m - 321393 = -14*m + 33007. What is the units digit of m?
6
Suppose 2*o = 5*n + 152, -4*o + n + 139 + 147 = 0. Suppose o*h = 64*h + 3640. What is the units digit of h?
0
Let o(n) = -7*n**3 + 4*n + 4. Let l(s) = -15*s**3 + 9*s + 9. Let j(c) = -6*l(c) + 13*o(c). Let d be j(-2). What is the tens digit of (1796/d)/2 + (-2)/(-10)?
9
Let x = 452 + -439. Let r(o) = o**2 + 24*o + 14. What is the tens digit of r(x)?
9
Let d = -93835 - -137506. What is the tens digit of d?
7
Suppose -63 = 3*z - 3*y, 54 = -2*z + 4*y + y. Let x(o) = -53*o + 269. What is the thousands digit of x(z)?
1
Suppose 3*s + 4 = -2*u - 3, 0 = s - 4*u + 7. Let d = s + 4. What is the tens digit of 18/(-9) - -37*d?
3
Let f be (372/15)/((-4)/20*1). Suppose 5*j + 3*w + 129 = -895, -w = -2*j - 403. Let h = f - j. What is the tens digit of h?
7
Suppose 3*a - d + 118 - 1 = 0, -2*a = 4*d + 92. Suppose -4*f = -355 - 13. Let g = a + f. What is the tens digit of g?
5
Let v(f) = -14*f**2 + 10*f - 2. Let s(k) = -k**2 + k - 1. Let q(d) = 12*s(d) - v(d). Let h be q(15). Suppose h = 7*u - 489. What is the tens digit of u?
3
Let s(z) = z**3 - 12*z**2 + 21*z - 12. Let i = -7 - -17. Let j be s(i). Let p = j - -175. What is the units digit of p?
3
What is the thousands digit of ((76932/(-16))/(-3))/((-8)/(512/(-12)))?
8
Let j(u) = 7*u**2 + 6*u - 25. Let y be j(13). Suppose 4*x + 4*f = y, f + 606 = 2*x - 0*x. What is the units digit of x?
5
Suppose 0 = -2*a + 4*s + 264, 3*a - 3*s - 207 - 177 = 0. Suppose 2*c - a = c. What is the hundreds digit of c?
1
Suppose 1990 + 209365 = 48*t - 7*t. What is the units digit of t?
5
Let d be 7265/5*(1 - 0). Let z = d + -967. What is the hundreds digit of z?
4
Let o be (20 - 18)*(6/4 - 0). Suppose f + 13 = 2*f + 3*u, o = 3*f - 3*u. Suppose f*j + x = -3*x + 52, 5*x - 50 = -4*j. What is the units digit of j?
5
Suppose -5*o - 21 = a, 4 = -2*o - 4. Let n be (-5)/(10/(-8)) + a + 306. Suppose 3*j = -9, 0 = i + 2*i - 2*j - n. What is the hundreds digit of i?
1
What is the hundreds digit of (-72)/72*(-1 + -16047)?
0
Let d = 40696 - 9901. What is the ten thousands digit of d?
3
Let y(u) = -41*u + 38. Suppose f + o + 13 = 0, 2*o - 25 = f + 3. What is the hundreds digit of y(f)?
7
Let c(k) = k**3 + 53*k**2 - 25*k + 163. What is the hundreds digit of c(-50)?
9
Let y(o) = -2*o**3 + 34*o**2 - 19*o - 12. Let w be y(15). Suppose -3*q + 42 + w = 0. What is the units digit of q?
5
Let l = 8395 - 2943. What is the thousands digit of l?
5
Let v(q) be the second derivative of -q**4/12 - 3*q**3 + 65*q**2/2 + 119*q + 2. What is the hundreds digit of v(-15)?
1
Let c be (-2)/(-4)*(6 + 6). Suppose 0 = -5*f - 3*n + c, 4*f - 5*n + 11 - 1 = 0. Suppose -8*h + 320 + 568 = f. What is the units digit of h?
1
Let q = -40 + 42. Let h be (q/3)/((-11)/(-33)). What is the units digit of (-6)/((-6)/296*h)?
8
Suppose 0 = t + 7*t - 14232. Suppose -7*c + t + 538 = 0. What is the hundreds digit of c?
3
Suppose 2*s - 419 = -3*s + d, 2*d - 2 = 0. Let x = s - 84. What is the units digit of ((x + -10)/1)/((-26)/169)?
5
Let k be (23 + -30)/(7/(-6)). Suppose 0 = -2*q + 3*a + 483, k*q + 4*a + 727 = 9*q. What is the units digit of q?
9
Let x(o) = -2*o**3 - 34*o**2 + 3*o + 53. Let a be x(-17). What is the units digit of a + (-4)/(-4) - -65?
8
Let l(o) = -145*o**3 - 14*o**2 - 73*o + 31. What is the ten thousands digit of l(-6)?
3
Suppose -3*x - 239226 = -4*n, -349*x = 3*n - 351*x - 179418. What is the thousands digit of n?
9
Let i be -35 - (-4 + (-2 - -3)). Let h = i + 37. Suppose -3*k - 9 = -24, 0 = -4*m + h*k + 263. What is the tens digit of m?
7
Let p be 30/8 - -1 - (-4)/16. Suppose 0*d + p*d - 1391 = 2*a, 5*d + 4*a = 1403. Suppose -d = -12*k + 1665. What is the units digit of k?
2
Suppose -29550 = -162*l + 159*l. What is the hundreds digit of l?
8
Suppose -7*b - 2*z + 164686 = 0, 71*z - 75*z + 117638 = 5*b. What is the ten thousands digit of b?
2
Suppose -x = 0, x - 2068 - 1172 = -5*s. Suppose -3*o - s = -7*o. Let a = -55 + o. What is the units digit of a?
7
Suppose -3*p = -5*a, -3*a - 6*p + p = 0. Suppose 2*d - 113 - 87 = a. Let s = 210 - d. What is the tens digit of s?
1
Suppose 10*v - 28 = 112. Suppose -b = -v*b + 117. What is the units digit of 91 - (5 - b - -2)?
3
Let o(v) = v**3 + v**2 - 3*v. Let i be o(-4). Let j be (i/(-60))/(2/10). Suppose -j*c + 4*z + 0*z + 250 = 0, -334 = -4*c + 5*z. What is the tens digit of c?
8
Let n(k) = k**3 + 3*k**2 + 3*k + 7. Let b be n(5). Let p be (b/(-9))/(2/(-27)*3). Suppose -26*q + p = -23*q. What is the units digit of q?
7
Let n(v) = -16 - 5*v + 0*v - 11*v. What is the units digit of n(-4)?
8
Let i(w) = -180*w**3 + 8*w**2 + 3*w + 4. Let v be i(6). Let y be ((-2)/(-3))/(v/12855 + 3). What is the units digit of (-